{"id":88,"date":"2021-05-05T10:40:05","date_gmt":"2021-05-05T08:40:05","guid":{"rendered":"https:\/\/www.christianfleck.eu\/?page_id=88"},"modified":"2021-10-15T14:14:51","modified_gmt":"2021-10-15T12:14:51","slug":"herausgeber","status":"publish","type":"page","link":"https:\/\/www.christianfleck.eu\/index.php\/werke\/herausgeber\/","title":{"rendered":"Herausgeber"},"content":{"rendered":"\n<p>2020 <em>Meilensteine der Soziologie<\/em>, hrsg. m. Christian Day\u00e9, Frankfurt: Campus (670 S.).<\/p>\n\n\n\n<p>2019 <a href=\"https:\/\/www.palgrave.com\/gp\/book\/9783319927794\" data-type=\"URL\" data-id=\"https:\/\/www.palgrave.com\/gp\/book\/9783319927794\" target=\"_blank\" rel=\"noreferrer noopener\"><em>Shaping Human Science Disciplines: Recent Institutional Developments in the Social Sciences and Humanities in Europe and beyond<\/em>,<\/a> ed. with Victor Kar\u00e1dy &amp; Matthias Duller, Cham: Palgrave Macmillan (=Socio-Historical Studies of the Social and Human Sciences 2), (274 pp), DOI 10.1007\/978-3-319-92780-0.<\/p>\n\n\n\n<p>2018 <a href=\"https:\/\/www.newacademicpress.at\/gesamtverzeichnis\/geschichte\/einsame-woelfe-und-stabile-paare\/\" data-type=\"URL\" data-id=\"https:\/\/www.newacademicpress.at\/gesamtverzeichnis\/geschichte\/einsame-woelfe-und-stabile-paare\/\" target=\"_blank\" rel=\"noreferrer noopener\">Elmer Luchterhand, <em>Einsame W\u00f6lfe und stabile Paare. Verhalten und Sozialordnung in den H\u00e4ftlingsgesellschaften nationalsozialistischer Konzentrationslager<\/em><\/a>, Hrsg. u. eingl. gem. m. Andreas Kranebitter, Wien: New Academic Press (285 Seiten)<\/p>\n\n\n\n<p>2018 <em><a href=\"https:\/\/www.studienverlag.at\/buecher\/5682\/oesterreichische-zeitschrift-fuer-geschichtswissenschaften-1-2018\/\" data-type=\"URL\" data-id=\"https:\/\/www.studienverlag.at\/buecher\/5682\/oesterreichische-zeitschrift-fuer-geschichtswissenschaften-1-2018\/\" target=\"_blank\" rel=\"noreferrer noopener\">The End of Social Democracy? The Moderate Left Since 1945, Its Transformation and Outlook in Europe<\/a><\/em>, Special issue of <em>\u00d6sterreichische Zeitschrift f\u00fcr Geschichtswissenschaften<\/em> 29 (1), edited together with Marianne Egger de Campo (205 pp.)<\/p>\n\n\n\n<p>2015 Section editor \u201eHistory of the Social and Behavioral Sciences\u201c, <em><a href=\"https:\/\/www.sciencedirect.com\/referencework\/9780080970875\/international-encyclopedia-of-the-social-and-behavioral-sciences\" data-type=\"URL\" data-id=\"https:\/\/www.sciencedirect.com\/referencework\/9780080970875\/international-encyclopedia-of-the-social-and-behavioral-sciences\">The International Encyclopedia of Social and Behavioral Sciences<\/a><\/em>, 2nd Edition, ed. James D. Wright, Oxford: Elsevier (responsible for about 150 entries).<\/p>\n\n\n\n<p>2015 Digitale Edition der <a href=\"http:\/\/gams.uni-graz.at\/context:ome\" data-type=\"URL\" data-id=\"http:\/\/gams.uni-graz.at\/context:ome\" target=\"_blank\" rel=\"noreferrer noopener\">Tageb\u00fccher von Oskar Morgenstern<\/a><\/p>\n\n\n\n<p>2014 <em><a href=\"https:\/\/www.christianfleck.eu\/v1\/pdf\/texte\/Knowledge for Whom Jan 2014.pdf\">Knowledge for Whom? Public Sociology in the Making<\/a><\/em>, London: Ashgate (=Public Intellectuals and the Sociology of Knowledge), ed. with Andreas Hess (329 pp.)<\/p>\n\n\n\n<p>2012 <a href=\"https:\/\/www.suhrkamp.de\/buch\/siegfried-kracauer-werke-in-neun-baenden-t-9783518583401\" data-type=\"URL\" data-id=\"https:\/\/www.suhrkamp.de\/buch\/siegfried-kracauer-werke-in-neun-baenden-t-9783518583401\" target=\"_blank\" rel=\"noreferrer noopener\">Siegfried Kracauer, Studien zu Massenmedien und Propaganda<\/a>, hrsg. gem. m. Bernd Stiegler unter Mitarbeit von Joachim Heck und Maren Neumann (=Siegfried Kracauer Werke Band 2.2), Berlin: Suhrkamp.<\/p>\n\n\n\n<p>2012 <em><a href=\"https:\/\/www.studienverlag.at\/buecher\/1027781\/oesterreichische-zeitschrift-fuer-geschichtswissenschaften-23-jg-heft-3-2012\/\" data-type=\"URL\" data-id=\"https:\/\/www.studienverlag.at\/buecher\/1027781\/oesterreichische-zeitschrift-fuer-geschichtswissenschaften-23-jg-heft-3-2012\/\" target=\"_blank\" rel=\"noreferrer noopener\">Max Webers Protestantismus-These. Kritik und Antikritik<\/a><\/em>, Schwerpunktheft der<em> \u00d6sterreichischen Zeitschrift f\u00fcr Geschichtswissenschaften <\/em>23, H. 3 (206 S.).<\/p>\n\n\n\n<p>2010 <em><a href=\"http:\/\/www.bardwell-press.co.uk\/publications\/lazarsfeld.htm\">Paul F. Lazarsfeld, An Empirical Theory of Social Action<\/a><\/em>, ed. with Nico Stehr, translated by Hella Beister, Oxford: Bardwell Press (485 pp.)<\/p>\n\n\n\n<p>2010 <em><a href=\"https:\/\/www.studienverlag.at\/buecher\/1027632\/oesterreichische-zeitschrift-fuer-geschichtswissenschaften-21-jg-heft-3-2010\/\" data-type=\"URL\" data-id=\"https:\/\/www.studienverlag.at\/buecher\/1027632\/oesterreichische-zeitschrift-fuer-geschichtswissenschaften-21-jg-heft-3-2010\/\">Vertreibung von Wissenschaft<\/a><\/em><a rel=\"noreferrer noopener\" href=\"https:\/\/www.studienverlag.at\/buecher\/1027632\/oesterreichische-zeitschrift-fuer-geschichtswissenschaften-21-jg-heft-3-2010\/\" data-type=\"URL\" data-id=\"https:\/\/www.studienverlag.at\/buecher\/1027632\/oesterreichische-zeitschrift-fuer-geschichtswissenschaften-21-jg-heft-3-2010\/\" target=\"_blank\">, <\/a>Schwerpunktheft der<em> \u00d6sterreichischen Zeitschrift f\u00fcr Geschichtswissenschaften<\/em> 21 (3), (225 S.)<\/p>\n\n\n\n<p>2009<em> <a href=\"http:\/\/www.gowerpub.com\/pdf\/tis\/9780754675402_ROW.pdf\">Intellectuals and their Publics: Perspectives from the Social Sciences<\/a><\/em>, ed. with Andreas Hess and E. Stina Lyon, Aldershot: Ashgate (282pp.)<\/p>\n\n\n\n<p>2007 <em><a href=\"https:\/\/www.christianfleck.eu\/v1\/pdf\/texte\/stw1822_Infobrief.pdf\">Paul F. Lazarsfeld. Empirische Analyse des Handelns. Ausgew\u00e4hlte Schriften<\/a><\/em> , \u00dcbersetzt von Hella Beister (hrsg. gem. m. Nico Stehr), Frankfurt: Suhrkamp (=suhrkamp taschenbuch wissenschaft Bd. 1822)<\/p>\n\n\n\n<p>2005 <em><a href=\"http:\/\/www.paradigmpublishers.com\/books\/BookDetail.aspx?productID=115053\">Paul Michael Neurath, The Society of Terror: Inside the Dachau and Buchenwald Concentration Camp<\/a><\/em>, Boulder: Paradigm (with Nico Stehr) (320 S.)<\/p>\n\n\n\n<p>2004 <em>Paul Michael Neurath, Die Gesellschaft des Terrors. Innenansichten der KZs Dachau und Buchenwald<\/em>, Frankfurt: Suhrkamp (gem. m. Nico Stehr) (461 S.).<\/p>\n\n\n\n<p>2000 <em>Soziologische und historische Analysen der Sozialwissenschaften<\/em>, Wiesbaden: Westdeutscher Verlag (=Sonderband der \u00d6sterreichischen Zeitschrift f\u00fcr Soziologie) (350 S.).<\/p>\n\n\n\n<p>1999 <em>Anthony Giddens, Soziologie<\/em>, Graz, Wien: Nausner &amp; Nausner (gemeinsam mit H.G. Zilian), 2. Auflage (696 S.).<\/p>\n\n\n\n<p>1998 <em>Ludwig Bir\u00f3, Die erste H\u00e4lfte meines Lebens. Erinnerungen eines Grazer j\u00fcdischen Rechtsanwalts 1900 bis 1940<\/em>, Graz: Droschl Verlag (367 S.)<\/p>\n\n\n\n<p>1996 <em>Wege zur Soziologie nach 1945. Autobiographische Notizen<\/em>, Leverkusen: Leske + Budrich (374 S.).<\/p>\n\n\n\n<p>1995 <em>Anthony Giddens, Soziologie<\/em>, Graz, Wien: Nausner &amp; Nausner (gemeinsam mit H.G. Zilian), (867 S.).<\/p>\n\n\n\n<p>1989 <em>Marie Jahoda, Arbeitslose bei der Arbeit. Die Nachfolgestudie zu &#8222;Marienthal&#8220; aus dem Jahr 1938<\/em>, Frankfurt\/ M., New York: Campus (= Studien zur Historischen Sozialwissenschaft Bd. 11), (140 S.).<\/p>\n\n\n\n<p>1988 <em>&#8222;Qualit\u00e4t und Quantit\u00e4t&#8220;. Zur Praxis der Methoden der Historischen Sozialwissenschaft<\/em>, Frankfurt\/ M., New York: Campus (= Studien zur historischen Sozialwissenschaft, Bd. 10), (gemeinsam mit Gerhard Botz, Albert M\u00fcller, Manfred Thaller), (366 S.).<\/p>\n\n\n\n<p>1987<em> Sterz Nr. 40: \u00d6sterreich<\/em>, (Gastredakteur, gemeinsam mit Gernot Lauffer).<\/p>\n\n\n\n<p>1985 <em>Korruption. Zur Soziologie nicht immer abweichenden Verhaltens<\/em>, K\u00f6nigstein: Athen\u00e4um, (gemeinsam mit Helmut Kuzmics) (302 S.).<\/p>\n\n\n\n<p>1982 <em>Schwerpunktheft Korruption der &#8222;Kriminalsoziologischen Bibliographie&#8220;<\/em> Heft 34. (gemeinsam mit Helmut Kuzmics), (122 S.).<\/p>\n\n\n\n<p>1974 Redaktion und Vorworte zu: <em>Hochschule und Gesellschaft. Arbeitsmaterialien, 1<\/em>. Teil: September 1974 (100 S.); 2. Teil: Dezember 1974 (170 S.); 3. Teil: J\u00e4nner 1975 (80 S.), Graz: \u00d6sterreichische Hochsch\u00fclerschaft an der Universit\u00e4t Graz, (gemeinsam mit Werner Sauer), (350 S.).<\/p>\n","protected":false},"excerpt":{"rendered":"<p>2020 Meilensteine der Soziologie, hrsg. m. Christian Day\u00e9, Frankfurt: Campus (670 S.). 2019 Shaping Human Science Disciplines: Recent Institutional Developments in the Social Sciences and Humanities in Europe and beyond, ed. with Victor Kar\u00e1dy &amp; Matthias Duller, Cham: Palgrave Macmillan (=Socio-Historical Studies of the Social and Human Sciences 2), (274 pp), DOI 10.1007\/978-3-319-92780-0. 2018 Elmer &hellip; <\/p>\n<p class=\"link-more\"><a href=\"https:\/\/www.christianfleck.eu\/index.php\/werke\/herausgeber\/\" class=\"more-link\"><span class=\"screen-reader-text\">\u201eHerausgeber\u201c <\/span>weiterlesen<\/a><\/p>\n","protected":false},"author":1,"featured_media":0,"parent":84,"menu_order":2,"comment_status":"closed","ping_status":"closed","template":"","meta":{"footnotes":""},"class_list":["post-88","page","type-page","status-publish","hentry","entry"],"_links":{"self":[{"href":"https:\/\/www.christianfleck.eu\/index.php\/wp-json\/wp\/v2\/pages\/88","targetHints":{"allow":["GET"]}}],"collection":[{"href":"https:\/\/www.christianfleck.eu\/index.php\/wp-json\/wp\/v2\/pages"}],"about":[{"href":"https:\/\/www.christianfleck.eu\/index.php\/wp-json\/wp\/v2\/types\/page"}],"author":[{"embeddable":true,"href":"https:\/\/www.christianfleck.eu\/index.php\/wp-json\/wp\/v2\/users\/1"}],"replies":[{"embeddable":true,"href":"https:\/\/www.christianfleck.eu\/index.php\/wp-json\/wp\/v2\/comments?post=88"}],"version-history":[{"count":2,"href":"https:\/\/www.christianfleck.eu\/index.php\/wp-json\/wp\/v2\/pages\/88\/revisions"}],"predecessor-version":[{"id":167,"href":"https:\/\/www.christianfleck.eu\/index.php\/wp-json\/wp\/v2\/pages\/88\/revisions\/167"}],"up":[{"embeddable":true,"href":"https:\/\/www.christianfleck.eu\/index.php\/wp-json\/wp\/v2\/pages\/84"}],"wp:attachment":[{"href":"https:\/\/www.christianfleck.eu\/index.php\/wp-json\/wp\/v2\/media?parent=88"}],"curies":[{"name":"wp","href":"https:\/\/api.w.org\/{rel}","templated":true}]}}